64.
16
Calculate the greatest common divisor of 23278 and 4326.
206
Calculate the greatest common factor of 10101 and 8177.
481
What is the highest common factor of 1782 and 283986?
162
What is the highest common factor of 215287 and 922?
461
Calculate the highest common factor of 13 and 118898.
13
Calculate the greatest common divisor of 1320 and 2760.
120
What is the highest common divisor of 783006 and 147?
21
What is the highest common divisor of 8 and 257504?
8
Calculate the highest common factor of 568 and 12792.
8
What is the greatest common divisor of 1123733 and 26?
13
What is the highest common divisor of 610 and 3538?
122
What is the greatest common factor of 416 and 10660?
52
What is the highest common divisor of 2834 and 543038?
218
Calculate the greatest common divisor of 2004 and 192.
12
Calculate the greatest common divisor of 243745 and 145.
145
What is the greatest common divisor of 28291 and 304?
19
Calculate the greatest common divisor of 8 and 44248.
8
What is the highest common factor of 112 and 12460?
28
What is the highest common divisor of 43744 and 352?
32
What is the greatest common factor of 91 and 17269?
7
Calculate the highest common factor of 46519 and 187.
11
What is the greatest common factor of 1584 and 63624?
264
Calculate the highest common factor of 122 and 4393098.
122
What is the greatest common divisor of 1331 and 22264?
121
What is the highest common factor of 28372 and 2624?
164
Calculate the greatest common factor of 1995 and 22500.
15
Calculate the highest common factor of 80 and 2464.
16
Calculate the highest common factor of 92217 and 1239.
177
Calculate the greatest common divisor of 53242 and 42.
14
Calculate the greatest common factor of 843 and 1114446.
843
Calculate the highest common factor of 2575 and 737995.
515
What is the highest common factor of 3625 and 3045?
145
What is the greatest common factor of 689 and 9169?
53
Calculate the highest common factor of 320 and 42220.
20
Calculate the highest common divisor of 24309 and 5475.
219
Calculate the greatest common divisor of 101575 and 775.
25
Calculate the highest common divisor of 158789 and 194.
97
What is the greatest common divisor of 82 and 16359?
41
Calculate the highest common factor of 1222480 and 740.
740
Calculate the greatest common divisor of 876169 and 147.
49
Calculate the highest common divisor of 2325 and 300.
75
Calculate the greatest common factor of 101 and 52621.
101
Calculate the highest common factor of 387413 and 884.
221
What is the greatest common factor of 70 and 272870?
10
Calculate the highest common factor of 324 and 5868.
36
What is the greatest common factor of 1764294 and 21?
21
Calculate the greatest common factor of 292008 and 24.
24
What is the highest common divisor of 960 and 56010?
30
Calculate the highest common divisor of 28792 and 8496.
472
What is the highest common factor of 22960 and 113120?
560
Calculate the highest common factor of 60059 and 377.
29
Calculate the highest common divisor of 127992 and 384.
24
Calculate the greatest common divisor of 36394 and 62.
62
What is the highest common factor of 3315 and 121380?
255
Calculate the greatest common factor of 299230 and 230.
230
Calculate the highest common factor of 1890 and 19656.
378
Calculate the highest common divisor of 30 and 315170.
10
What is the highest common divisor of 605 and 18513?
121
Calculate the highest common factor of 137741 and 16742.
761
Calculate the highest common divisor of 441360 and 240.
240
Calculate the highest common divisor of 22355 and 789.
263
Calculate the highest common factor of 18318 and 2343.
213
Calculate the highest common factor of 81 and 20.
1
Calculate the highest common divisor of 22 and 44253.
11
Calculate the greatest common factor of 85848 and 504.
168
Calculate the greatest common divisor of 870 and 23722.
58
What is the greatest common divisor of 9936 and 15525?
621
Calculate the greatest common divisor of 26271 and 216.
27
Calculate the highest common factor of 563675 and 2800.
175
What is the highest common divisor of 1064 and 5432?
56
Calculate the greatest common divisor of 739182 and 1047.
1047
Calculate the greatest common divisor of 1314 and 11534.
146
What is the highest common divisor of 502707 and 459?
51
Calculate the highest common divisor of 240860 and 120.
20
Calculate the highest common factor of 682 and 4216.
62
Calculate the greatest common factor of 735618 and 18.
6
Calculate the greatest common divisor of 286190 and 270.
10
What is the highest common divisor of 143226 and 1022?
146
Calculate the highest common divisor of 2252625 and 1125.
375
Calculate the highest common divisor of 243320 and 60.
20
What is the greatest common divisor of 13 and 209261?
13
Calculate the greatest common factor of 1550 and 6200.
1550
Calculate the highest common factor of 68469 and 3935.
787
What is the greatest common divisor of 1629 and 963?
9
Calculate the highest common factor of 20539 and 4209.
23
What is the greatest common factor of 1263 and 3?
3
Calculate the highest common divisor of 140625 and 9.
9
What is the greatest common divisor of 5632 and 6776?
88
Calculate the highest common divisor of 74685 and 65.
65
Calculate the greatest common divisor of 2230 and 79510.
10
Calculate the greatest common divisor of 69419 and 437192.
1477
Calculate the greatest common factor of 89630 and 10.
10
Calculate the greatest common divisor of 9940 and 1253.
7
What is the greatest common factor of 37012 and 152?
76
Calculate the highest common divisor of 26 and 243269.
13
What is the greatest common factor of 2718 and 558?
18
What is the highest common divisor of 3090 and 1075?
5
Calculate the greatest common factor of 153 and 134861.
17
What is the highest common divisor of 794 and 17707788?
794
Calculate the greatest common divisor of 3750 and 2175.
75
What is the greatest common factor of 70 and 7610?
10
What is the greatest common factor of 8811 and 2475?
99
Calculate the greatest common divisor of 4032 and 5348.
28
What is the highest common divisor of 33 and 45111?
33
What is the greatest common divisor of 105 and 20755?
35
Calculate the greatest common factor of 1410 and 6819.
3
What is the highest common factor of 1377 and 1135107?
459
What is the highest common divisor of 14580 and 78003?
729
What is the greatest common divisor of 930 and 257955?
15
Calculate the highest common factor of 1188 and 327591.
297
What is the highest common factor of 252 and 12999?
21
What is the highest common factor of 7055 and 49551?
83
What is the greatest common divisor of 429590 and 2618?
238
Calculate the greatest common divisor of 5 and 115085.
5
Calculate the highest common divisor of 1481221 and 1036.
259
Calculate the greatest common divisor of 275324 and 42.
14
Calculate the highest common factor of 666753 and 75443.
2039
What is the highest common divisor of 85353 and 5520?
69
What is the greatest common factor of 437 and 19?
19
Calculate the highest common divisor of 3538 and 522.
58
Calculate the greatest common factor of 868 and 2996.
28
Calculate the highest common factor of 27 and 273645.
27
Calculate the highest common divisor of 28478 and 174.
58
Calculate the highest common divisor of 641070 and 5.
5
Calculate the highest common divisor of 182507 and 278.
139
Calculate the greatest common factor of 32683 and 8120.
203
What is the highest common divisor of 456629 and 1611?
179
Calculate the greatest common factor of 717682 and 14.
14
What is the greatest common divisor of 83729 and 505?
101
What is the greatest common factor of 18 and 5724?
18
What is the greatest common divisor of 665 and 7391?
19
Calculate the highest common factor of 60 and 13692.
12
What is the highest common factor of 365382 and 10494?
954
Calculate the greatest common factor of 9340 and 4780.
20
What is the greatest common divisor of 80541 and 216?
27
Calculate the greatest common divisor of 2154 and 3566306.
718
What is the highest common divisor of 47 and 2318651?
47
What is the highest common factor of 403636 and 9266?
226
What is the greatest common divisor of 91395 and 4320?
135
What is the highest common factor of 72 and 73592?
8
Calculate the greatest common factor of 2530 and 210.
10
What is the greatest commo